 What is the greatest common factor of g and u?
2
Let c be 8/((-16)/(-4)) - 2. Let x be 2 + c + -2 + 20. Calculate the greatest common factor of 5 and x.
5
Let f = 41 - 29. Let x be 12*((-5)/(-2) + -2). Suppose f = -2*j + x*j. What is the highest common factor of 9 and j?
3
Let d be 30/(1*(-2 - -3)). Suppose 0 = -i - 0*i + 6. What is the greatest common factor of d and i?
6
Let k be (-2)/6 + 60/18. What is the greatest common divisor of k and 1?
1
Let y(t) = t**2 - 2. Let a be y(3). Let r = 297 + -234. Calculate the highest common divisor of a and r.
7
Suppose t = 2*t - 154. Let f = 45 - 31. What is the highest common factor of t and f?
14
Let o be ((-16)/10)/(3/(-15)). Let f be (19/4)/(1/8). Suppose -20 = -i - 2*q, f = 5*i + 5*q - 72. Calculate the greatest common factor of i and o.
8
Let b be (-148)/(-1) + -67 + 64. Suppose 0 = n - 0 + 1, z - 56 = -2*n. What is the greatest common divisor of z and b?
29
Suppose 2*b - 4 - 2 = 0. Suppose 3*w - 3*x = 0, -b*w + x + 8 = -0. Calculate the highest common divisor of 20 and w.
4
Suppose -2*h = 2*h - 940. Let v = h - 147. Let r = -2 - -10. What is the highest common divisor of r and v?
8
Let u = 1043 + -209. Let w be 2/5 + u/15. What is the greatest common factor of 8 and w?
8
Suppose -g - 98 = -4*a, 2*g + g + 19 = a. Calculate the highest common divisor of a and 10.
5
Suppose -y = -4*o - 8, 5 = -5*y + 5*o + 45. Suppose 4*f - 28 = -4*x - y, 0 = -x. Calculate the highest common divisor of f and 45.
5
Let z be 3 - 12/(3 + 1). Let l = z - -22. What is the greatest common divisor of 44 and l?
22
Let n = -36 + 41. What is the greatest common factor of n and 5?
5
Let c(f) = f**3 + 10*f**2 - 7*f - 10. Let d be c(-10). Let j = 49 + -25. Calculate the greatest common divisor of d and j.
12
Let b(d) = -13*d - 1. Let t be b(-5). What is the highest common factor of t and 16?
16
Let v(o) = -o + 1. Let l be v(-4). Suppose 0 = -6*i + 2*i + l*c - 39, 27 = -5*i - c. Let b be 1/(-3) - 116/i. What is the highest common factor of 152 and b?
19
Let g(b) = -3*b**2 + 3 + 2*b**2 + 11. Let z be g(0). What is the highest common factor of z and 35?
7
Let v be 7 + (-2 - -3 - 0). Let u be v + (-2 + 8)/3. Suppose 3*q - 212 = -2*h, -4*q + h + 283 = 4*h. What is the greatest common factor of u and q?
10
Let z be (-21)/2*-2 + -1. Suppose 2*k - z = -0. Calculate the highest common divisor of k and 40.
10
Let v be 140 - (-4 + 4)/3. What is the highest common divisor of v and 20?
20
Let d = 13 + -26. Let b(i) = -i**2 - 13*i + 16. Let z be b(d). What is the highest common divisor of 8 and z?
8
Suppose 456 = -0*u + u. Let v = 853 - u. Suppose 4*z - v + 33 = 0. Calculate the greatest common factor of 13 and z.
13
Let q = -6 - -8. Let n(g) = -3 - 1 - 5*g + 4*g**q + 8*g - 3*g**2. Let j be n(-6). Calculate the greatest common factor of 28 and j.
14
Let w be (6/(-15))/(1/5). Let r be 1*12 + (w - -4). Let d be (-26)/(-7) + 4/r. Calculate the highest common factor of d and 32.
4
Let s = -16 - -11. Let r(h) = -h + 1. Let o be r(s). Let w be (-4)/o + 10/6. Calculate the greatest common divisor of 7 and w.
1
Suppose 0 = 3*s - 9 - 15. Let q = 5 - 3. What is the greatest common factor of q and s?
2
Let w be (34/(-3))/(6/(-9)). Calculate the greatest common divisor of w and 136.
17
Let b(w) = 3*w. Let r be 4/(-2) - 15/(-3). Suppose -4 = -4*u + r*u. Let v be b(u). What is the greatest common divisor of v and 60?
12
Let p(a) = a**2 + 4*a. Let c be p(-5). Suppose -c*z + 85 = w, -z + 15 + 2 = 4*w. Calculate the greatest common divisor of z and 85.
17
Let h = 16 - 13. Suppose -232 + 7 = -h*l. Calculate the greatest common factor of l and 15.
15
Suppose 2*s = -s + 48. What is the greatest common divisor of 2 and s?
2
Let q = 8 - 10. Let y(c) = -2*c**3 + 3*c**2 + c + 1. Let k be y(q). Calculate the highest common factor of 18 and k.
9
Let r be (-12 - -9) + 1*4. Calculate the greatest common divisor of r and 13.
1
Suppose 2*z + 205 = 4*a - 59, 2*z + 264 = -a. Let w = z - -204. What is the highest common factor of w and 8?
8
Let b = -25 + 35. What is the greatest common factor of 15 and b?
5
Let i(l) = l + 20. Let r be i(13). What is the highest common divisor of 22 and r?
11
Let r be -1*(2 + -2 + -15). Let w be 6*(45/2 + -1). Suppose w = 4*t - r. Calculate the highest common factor of 24 and t.
12
Let k = -217 - -282. What is the highest common factor of k and 39?
13
Let m(f) = f**2 - 4*f - 14. Let h be m(-4). Calculate the highest common factor of h and 27.
9
Let y be 13/104 - 127/(-8). Let h = 78 + -54. What is the highest common divisor of y and h?
8
Let u(y) = 3 + 5*y + y + 3*y**2 - y**3 - 6*y**2 - y**2. Let z be u(-4). Let v be (-1065)/z + 2/7. Calculate the greatest common divisor of 17 and v.
17
Let z(b) = -b**2 - 7*b + 8. Let l be z(-8). Suppose 3*h - 8 - 13 = l. Calculate the highest common factor of h and 49.
7
Let c(t) = -t**3 - 5*t**2 + 7*t + 5. Let v be c(-6). Let d be 3/3*-6*v. Let j(h) = h + 2. Let o be j(0). What is the highest common divisor of o and d?
2
Suppose 0 = 4*a - 296 + 16. Suppose 3*c + a = 5*c. Calculate the highest common divisor of c and 7.
7
Let i be 5*((-9)/(-15) - -1). Let z = i + 20. Let h = z + -15. Calculate the highest common divisor of 78 and h.
13
Let b be 1188/52 - 6/(-39). Calculate the greatest common factor of b and 161.
23
Let d be 2/6 - (-26)/3. Calculate the greatest common factor of d and 81.
9
Suppose 0 = 5*o - 2*o - 30. Calculate the greatest common factor of 15 and o.
5
Suppose 4*l - 37 = 3. What is the greatest common factor of 20 and l?
10
Let i(x) = -x**2 + 14*x - 8. Suppose o - f - 13 = -1, 2*o = -f + 24. Let q be i(o). Calculate the greatest common factor of 112 and q.
16
Suppose 2*i + 9 = 5*i. Suppose i*r - 8*r = -520. Calculate the highest common factor of 13 and r.
13
Suppose 4*j + 6 = 46. Let u(v) = 34*v. Let l(f) = -101*f + 1. Let n(y) = -2*l(y) - 7*u(y). Let d be n(-2). Calculate the highest common divisor of d and j.
10
Let f(w) = 186*w + 1. Let v be f(-1). Let h = v - -313. Let i = -10 - -26. What is the greatest common factor of i and h?
16
Suppose 4*y + 120 = 4*i, 3*i + 5*y - 78 = 4*y. What is the highest common factor of i and 189?
27
Suppose t - 3*t = 0. Suppose t = -4*l + 31 + 149. What is the greatest common factor of 15 and l?
15
Let u(g) = -g**3 - 13*g**2 - 12*g - 15. Let c be u(-12). Let b be (-10)/c - (-1)/3. Calculate the greatest common factor of 9 and b.
1
Let a(k) = k**3 - 11*k**2 - 12*k - 33. Let s be a(14). What is the highest common divisor of 43 and s?
43
Suppose 0 = f + 1 - 12. What is the greatest common factor of f and 33?
11
Let p be 5 + -1 + -1 + 63. Calculate the highest common factor of p and 44.
22
Let f(b) = 58*b + 3. Let u be f(6). Let k = u - 243. What is the greatest common factor of 12 and k?
12
Suppose -116*j = -115*j - 130. Calculate the highest common factor of 10 and j.
10
Let t = -19 - -34. Suppose 5*a + 4*u = 23, 2*u + 3*u = 10. Suppose 0 = -r + 5*p + a + 2, -4*r = 3*p - 135. What is the highest common divisor of t and r?
15
Let m(k) = -k**2 - 16*k + 23. Let t be m(-16). Calculate the greatest common divisor of 115 and t.
23
Let u = -108 + 191. Let m = 35 - u. Let d be (m/5)/(9/(-60)). What is the highest common divisor of d and 8?
8
Suppose 3*n - n - 9 = -3*o, 2*o = -5*n + 17. Suppose 0 = -j - n*j + 52. Let u(h) = 20*h - 1. Let f be u(2). Calculate the highest common divisor of j and f.
13
Let a = 116 + -41. Let d = -3 + 1. Let n be d/6 + 228/9. What is the greatest common factor of n and a?
25
Suppose -4*m + 4*t + 72 = 0, 4*m - t = m + 44. What is the greatest common factor of 13 and m?
13
Let n be (126/(-8))/(6/(-24)). Calculate the greatest common divisor of n and 21.
21
Let y = 86 - 58. Calculate the highest common factor of y and 4.
4
Let w(k) = -5*k - 2*k - k**2 - 5 - 2*k. Let u be w(-6). Calculate the highest common factor of u and 52.
13
Let w(u) = 2*u**3 - 2 + 5*u**2 - u**3 - 2*u + 3*u. Let q be w(-4). Suppose c + 4 - q = 0. Calculate the highest common divisor of 42 and c.
6
Let c be -1 - -30 - (4 - 3). What is the highest common divisor of 14 and c?
14
Let x be ((-6)/12)/((-1)/82). Suppose 4*w + 3*k - x = 2*k, -5*k - 59 = -4*w. What is the greatest common factor of 55 and w?
11
Let f be 4/22 - ((-216)/22 - 2). Calculate the highest common fact